e -t - 2*s = 2*s - 2, 0 = 5*t + 4*s + 6. Let n(m) = -m**2 - 3*m. What is n(t)?
2
Let a(s) = -s**2 - 7*s + 16. Let v(y) = 20*y - 69. Let l be v(3). Determine a(l).
-2
Let w(p) be the third derivative of 0 - 3*p**2 - 1/24*p**4 + 0*p + 1/6*p**3. Let o be (-208)/(-56) - (-2)/7. Calculate w(o).
-3
Let z(c) = 14*c + 1. Let p be z(1). Suppose -p = -9*f + 4*f. Let s(w) = -w**3 + 4*w**2 - 4*w + 1. Calculate s(f).
-2
Let z(u) be the third derivative of u**5/30 - 7*u**4/24 + u**3 + 9*u**2 - 2. What is z(5)?
21
Let z(t) = -3*t**2 - 41*t + 88. Let h be z(2). Let j(m) = 9*m + 14. Determine j(h).
-40
Let p(j) be the first derivative of -1/4*j**4 - 6 - 3*j + 5/3*j**3 + j**2. Give p(5).
7
Let d(z) be the second derivative of z**5/20 - 7*z**4/6 + z**3/3 - 8*z**2 + 15*z. What is d(14)?
12
Let r(a) = -a. Suppose 10 = 5*w - 10. Suppose -u = w*o - o - 9, 0 = 5*o + u - 15. Suppose 4*h + 3*j - 3 = 0, o*h + h + 1 = j. Calculate r(h).
0
Suppose 9*o + 28 + 8 = 0. Let u be ((-22)/o - 2)*2. Let g(y) = 1 + u*y - 9*y + 3. Calculate g(-3).
10
Let k = -71 + 74. Let p(f) = -7 + 2 + 1 + 6*f**k + 5 - 2*f**2. Determine p(-1).
-7
Let q(u) = 32*u - 117. Let g(y) = 15*y - 55. Let z(d) = -13*g(d) + 6*q(d). What is z(8)?
-11
Let f(y) = -y**3 + 7*y**2 + 10*y - 14. Let c be f(8). Let a(j) = -4*j**2 + j - 4. Let r(z) = -3*z**2 - 4. Let s(o) = c*a(o) - 3*r(o). What is s(-3)?
7
Let t(u) = -6*u - 2. Let g(v) = -33*v - 8. Let c(j) = 2*g(j) - 10*t(j). Calculate c(2).
-8
Let o = -35 + 29. Let z(u) be the first derivative of -u**4/24 - 4*u**3/3 + 3*u**2 + 6. Let g(b) be the second derivative of z(b). Give g(o).
-2
Let q(y) be the third derivative of -y**4/24 + 2*y**3/3 + y**2. Let d = -40 + 29. Let k(p) = p + 17. Let o be k(d). Give q(o).
-2
Let j(y) = y**2 + 2*y + 3. Let i = -477 + 483. Give j(i).
51
Let y(l) be the third derivative of -l**4/6 + 14*l**3/3 - 862*l**2. What is y(9)?
-8
Suppose -5*i - 66 + 61 = 0. Let x(v) = -2*v**2 - 2*v - 1. Calculate x(i).
-1
Let x(r) = -20*r**2 + 309*r - 133. Let l be x(15). Let d(u) = 4 + 1 + 5*u**2 - 2 - u. Let c(n) = 10*n**2 - n + 6. Let o(g) = -3*c(g) + 7*d(g). What is o(l)?
15
Let p(h) = 2*h**3 - h**2 + h + 5. Let s(w) = -w**3 + w**2 - w - 4. Let q(k) = 2*p(k) + 3*s(k). Let g be 6/3 - -2 - -2. Let r = 8 - g. Give q(r).
8
Let u(s) = -s - 4. Let x(n) = n + 4. Let w(l) = 4*u(l) + 3*x(l). Suppose -o + 4 - 2 = 0. Suppose 10 = -2*d - o. What is w(d)?
2
Let n(o) = -o**3 + 2*o**2 + 3*o + 2. Let s be n(3). Let g(y) = -11*y**s - 28*y**3 + y**2 - 9*y + 52*y**3 - 3 - 25*y**3. Determine g(-9).
-3
Suppose -18*b + 16 = -20. Let u(z) be the third derivative of 1/60*z**5 - 1/6*z**3 + 0*z + 1/8*z**4 + 8*z**b + 0. Determine u(-3).
-1
Suppose -d - 5 = 0, 3*r - 4*d = r + 12. Let l be (2/r)/((-280)/(-144) + -2). Let a(o) = o**2 - 11*o + 10. Calculate a(l).
-8
Let v(u) = 93 - 367 + 91 + 93 - u + 3*u**3 + 88 + 2*u**2. Calculate v(2).
28
Let a(t) = 5*t**2 + 4*t - 5. Let k(q) = q**3 + q**2 - 1. Let y be k(-1). Let g(o) = 13 + 22 - o - 34. Let u(z) = y*a(z) - 4*g(z). Calculate u(-1).
-4
Let r(m) = 7*m + 1. Let q(p) = -2*p + 12. Let f be q(4). Let o be -2 - 0*f/12. What is r(o)?
-13
Suppose -z = 3*i, -3*i + 11*z = 6*z. Let o(r) = -r - 28. What is o(i)?
-28
Let a = -238 - -245. Let m(s) = 27*s - 7. Let p(g) = g. Let z(o) = m(o) - 6*p(o). Let b(q) = -11*q + 4. Let x(j) = a*b(j) + 4*z(j). Give x(2).
14
Suppose z + u - 3*u = -9, 28 = 3*z + 5*u. Let d = 1 + z. Let x = d + -6. Let q(p) = p**3 + 3*p**2 - 3*p + 3. Give q(x).
-1
Let t(j) be the first derivative of j**2/2 - 24*j - 474. Determine t(23).
-1
Let w(p) = -12*p - 180. Let o be w(-14). Let z(d) = -d**3 - 12*d**2 - d - 13. What is z(o)?
-1
Let s(g) = 2*g + 2433 - 2434 - g. Determine s(2).
1
Let c = -36 - -6. Let q be (-8)/(-6)*c/(-20). Let u(m) = -2*m**2 - 2*m + 3. What is u(q)?
-9
Let o(i) be the third derivative of 0*i - 1/60*i**6 - 1/3*i**3 + 0*i**4 - 9*i**2 + 0 + 1/20*i**5. Give o(2).
-6
Suppose 5*n + d + 17 = 0, n - 5*d = -0*n + 7. Let g(q) be the third derivative of 1/3*q**3 - 1/120*q**6 + 1/24*q**4 + 0 - 1/15*q**5 + 0*q + 4*q**2. Give g(n).
-10
Let y(l) = l**2 + 3*l + 2. Let r(m) = -24*m + 119. Let q be r(5). Calculate y(q).
0
Let t be ((-91)/(-21))/(12/36). Let w(i) = -i**2 + 13*i. What is w(t)?
0
Let c(k) = 9*k**3 + 4*k**2 + 5*k + 4. Let j(l) = 40*l**3 + 16*l**2 + 21*l + 17. Let h(a) = 9*c(a) - 2*j(a). What is h(-3)?
2
Let q = -7 - -14. Suppose 0 = -3*b - 5*z - q + 35, 5*z = 3*b - 8. Let s(w) = -w + 14. Determine s(b).
8
Let k(o) = 3*o**2 + 16*o - 14. Let u be k(-7). Let p be 80/28 - (-3)/u. Let c(s) = -2*s**2 + 4*s. Calculate c(p).
-6
Let i(f) = -6*f**2 - 4*f + 5. Let l = 1355 + -1354. Give i(l).
-5
Let d(l) = -l**3 + 9*l**2 - 7*l - 11. Let s be d(8). Let t = s - -4. Let n(j) = -t + 11*j + 3 - 13*j. Calculate n(4).
-6
Let r(s) = s**3 + 6*s**2 + 8*s + 20. Let u be r(-5). Let z(g) = -g**3 + 4*g**2 + 4*g + 6. Give z(u).
1
Let q(n) = -3*n**3 + 2*n - 1. Suppose -5*j + 63 = -27. Let i be (-5)/(-6) - (-3)/j. What is q(i)?
-2
Let g = 159 + -170. Let v(q) = 6*q + 18. Let h(d) = d + 1. Let u(i) = -5*h(i) + v(i). Let z be u(g). Let m(s) = s**2 - 5*s + 2. What is m(z)?
-4
Suppose 82 = -9*d + 64. Let u(a) = 2*a**2 + 2*a - 4. Let q(o) = 4*o**2 + 4*o - 9. Let i(l) = 3*q(l) - 7*u(l). Give i(d).
-3
Suppose 51 + 201 = 6*g. Suppose -16 = -4*l + 5*m - g, 0 = 2*m + 4. Let o = l - -3. Let w(k) = k**2 + 4*k - 5. What is w(o)?
7
Suppose 0*k = 3*k - 6. Let c(x) = -4 + x**k - 4*x**2 - 6*x + 2*x**2. Suppose 2*f - 4*d + 25 = -d, 15 = -5*f - 2*d. Calculate c(f).
1
Let g(c) = 3*c - 2. Let w(s) = 2*s + 0*s + s**2 + 32 - 29. Let i be w(0). Determine g(i).
7
Let g = -5 - -11. Let x(a) be the first derivative of -2*a**3/3 + 4*a**2 + 5*a + 719. Determine x(g).
-19
Let j(c) = -4*c**3 - 12*c**2 + 12*c - 7. Let v(o) = -o**3 - o**2 + o. Suppose n + 7 = -3*d, -3*n - 6 = -5*d + 1. Let h(x) = d*j(x) + 5*v(x). Calculate h(6).
1
Let w(l) = -l**3 - 3*l**2 + 5*l + 6. Suppose 37*k = 40*k + 5*d + 19, 0 = 5*d + 10. Give w(k).
-9
Let p(t) = t**2 + 2*t - 2. Suppose 4*s + 3*j = 5*s + 5, -5*s - 2*j + 43 = 0. Suppose -20 = s*x - 6. Give p(x).
-2
Let s = -6 - 14. Let k = s + 17. Let r(z) = z**3 + 4*z**2 + z + 1. Determine r(k).
7
Let k be (-2)/(-10)*32 - (-4)/(-10). Let c(r) be the first derivative of -r**2 + 6*r - 1. What is c(k)?
-6
Let v(y) = -2*y + 7. Let l(z) = -3*z**3 - 10*z**2 - 12*z - 2. Let b be l(-2). Determine v(b).
-5
Let q(w) = -3*w - 2. Let t(n) = 30*n + 21. Let p(c) = -63*q(c) - 6*t(c). Let v(j) = -j**3 - 6*j**2 + 8*j + 8. Let f be v(-7). Determine p(f).
9
Let a(b) = -b - 4. Let m(o) = -5. Let k(u) = 3*a(u) - 2*m(u). Suppose -x = 2*x - 3. Let q = -1 - x. Calculate k(q).
4
Let q(d) = d**3 - 5*d**2 + 6*d - 4. Let z be (-219)/146*(-4)/3. What is q(z)?
-4
Suppose 0 = 5*r + 280 + 320. Let a = -117 - r. Let w(v) be the second derivative of -v**5/20 + v**4/3 - v**3/3 - 2*v**2 + v. Give w(a).
-1
Let k = 447 - 446. Let t(w) be the first derivative of -4*w**2 - 5*w - k - 1/3*w**3. What is t(-8)?
-5
Let c(m) be the second derivative of m**2 + 1/2*m**3 - 1/12*m**4 - 40*m + 0. Determine c(5).
-8
Let b(h) = -h - 14. Let d(c) = -c**3 + 6*c**2 + 6*c. Let p be d(7). Give b(p).
-7
Let z(o) be the third derivative of -o**5/60 + o**4/24 - o**3/6 + 7*o**2. Let r(x) = -4*x**2 + 5*x - 2. Let t(h) = r(h) - 3*z(h). What is t(2)?
1
Let t = -27 + -2. Let f = t - -35. Let g(j) = j**3 - 7*j**2 + 10*j - 8. What is g(f)?
16
Suppose 4*x - 3*n = n + 32, -5*n - 30 = -3*x. Let k(q) = q**3 - 5*q**2 + 4. Determine k(x).
4
Let s(j) = -115*j + 1 + 118*j + 8. Let r be (-4)/(-10) - (-320)/(-50). Calculate s(r).
-9
Let s(j) = -j**2 + 17*j - 55. Let k be s(13). Let w(c) = -3*c - 1 - 4*c + 3*c + 3*c. What is w(k)?
2
Let w(b) = -53 + 4*b + 52 - 2*b + 2*b. Suppose 3*o = -4*x + 25, 5*x + 3 = 5*o + 8. Calculate w(o).
11
Let w = -311 - -311. Let y(a) be the first derivative of a**2/2 - 10*a - 2. Calculate y(w).
-10
Let j(m) = 7*m - 1 - 2 - 4*m. Let a(t) = -t + 1. Let f(z) = -5*a(z) - 2*j(z). Let c = 16 + -10. Determine f(c).
-5
Let s(x) = x + 1. Let q(a) = -a**2 + 2*a - 5. Let h(j) = -q(j) - 6*s(j). Let r = -272 + 278. Calculate h(r).
-13
Let d = -174 + 164. Let t(q) = q**2 + 12*q + 2. What is t(d)?
-18
Let v(x) be the second derivative of x**2 - 9*x - 1/3*x**4 + 0 + 0*x**3 + 1/20*x**5. Let n(i) = -i + 3.